 i(-2). Let j = k - -454. What is the hundreds digit of j?
3
Let h be (207/(-3))/((-6)/(-4) - 3). Suppose h*a + 6 = 47*a. Suppose -385 = -11*b + a*b. What is the units digit of b?
7
What is the ten thousands digit of 71/((-14058)/(-108)) - 545319/(-11)?
4
Let v = 8554 + -4658. Suppose -642*p = -650*p + v. What is the tens digit of p?
8
Let c(v) = -v**3 - v**2. Let l be c(-1). Suppose -7*b - 2*b - 9 = l. What is the hundreds digit of b/(-1)*-3 + 103?
1
Suppose -2*p = 0, -89*c + 94*c + 3*p - 24365 = 0. What is the tens digit of c?
7
Let n be 6/(-1 + (-12)/(-4)) + 5. Suppose 4*f - n = -m, -3*f + 5*f = -3*m + 4. Suppose m = 86*g - 82*g - 724. What is the hundreds digit of g?
1
Let q be ((-76)/(-12) + -7)/((-4)/30). Suppose 2*n = -q*c + 2490, c = -4*c - 5*n + 2490. What is the units digit of c?
8
Let b(y) = 16 + 10*y**2 - 2*y**2 + 4*y**3 - 48 + 11*y. What is the thousands digit of b(6)?
1
Suppose 1370 = 13*o - 3*o. What is the tens digit of ((-84)/14 + 5)*o/(-1)?
3
Suppose -q = 12*s - 26*s + 173155, 0 = -4*s - 4*q + 49460. What is the tens digit of s?
6
Suppose -5*w + 2*o = -0*w - 638, -4*w - 4*o + 488 = 0. Let b = w + -12. What is the units digit of b?
4
Let h = -328 + 332. Let p be 9/6 - 91/(-2). Suppose -3*l - 4*b = -p + 5, -5*l - h*b = -62. What is the units digit of l?
0
Suppose -2*q + 0 = -2*z - 6, 5*q - 33 = -z. Let g(p) = p**3 - p - 2*p + 4*p**2 - 6*p**2 - 6 - 9*p. What is the tens digit of g(q)?
6
Let n(p) = 1297*p**3 - 2*p**2 + 6*p - 2. What is the tens digit of n(1)?
9
Suppose -b = 3*q - 5*q + 7851, 3*q = -2*b + 11766. What is the hundreds digit of q?
9
Suppose -25 = 5*z, 4*h - 2*h + 3*z + 11 = 0. Suppose -5*g + 297 = 4*l, -2*l - h*l + 69 = g. Suppose 2 + g = f. What is the units digit of f?
9
Suppose 19328 = 6503*s - 6499*s. What is the hundreds digit of s?
8
Let q be (-519)/(-21) + 6/63*3. Suppose -2*b = -k + q, 2*k - 4*k - 5*b + 32 = 0. What is the units digit of k?
1
Let v(i) = 4*i**2 - 28*i - 8. Let u be v(-8). Suppose 2*t = 2 + u. What is the units digit of t?
7
What is the hundreds digit of (-469550)/(-30) - (-28)/12?
6
Let c = -105 - 154. Let d = 399 + c. What is the tens digit of d?
4
What is the hundreds digit of (-941715)/(-459)*18/10?
6
Let r(y) = 0*y**2 + 8 + 8*y**2 - 9*y**2 - 4*y + y. Let u be r(2). What is the units digit of 20 - (0 - 3/(-3)*u)?
2
Let l(i) = 2*i**3 - 13*i**2 + 21*i + 12. Let y be l(10). Suppose 3*c = 5*c - y. What is the tens digit of c?
6
Suppose 2*i - 1131 = -c, 2*c - 5*i = 1493 + 796. Suppose -2*l + 2*d - 6*d = -736, 5*d + c = 3*l. What is the hundreds digit of l?
3
Suppose -15 = -26*k + 21*k. Suppose -988 = -4*t + i, 0 = -4*t - 0*i - k*i + 972. What is the tens digit of t?
4
Suppose -259*s + 3073998 - 1171332 = -58*s. What is the units digit of s?
6
Let p be 198/88*(-1)/((-3)/208). Suppose -149*w = -p*w + 1064. What is the hundreds digit of w?
1
Let k(v) = 47*v + 105. Let d(c) = 4*c + 1. Let l(t) = -5*d(t) + k(t). What is the hundreds digit of l(27)?
8
Let d = 159 - 157. Suppose 3*w - 1853 = -2*w - 3*p, d*p = -5*w + 1852. What is the hundreds digit of w?
3
Let a = 7324 - -24931. What is the ten thousands digit of a?
3
What is the hundreds digit of 24671/5 + 1104/(-345)?
9
Suppose 56*f + 506583 = 119*f. What is the units digit of f?
1
Let o = -352 - -597. Let i = o - 75. What is the units digit of i?
0
Let m(o) = o**3 + 9*o**2 + o + 3. Let z be m(-9). Let r(w) = 19*w + 15. Let j be r(z). What is the tens digit of (j + -7)*3/(-6)?
5
Let k = -62693 - -115630. What is the tens digit of k?
3
Let l(a) = -a**3 - 27*a**2 - 122*a + 39. Let w be l(-22). What is the tens digit of (-748)/66*w/(-2)?
1
Let u be (1/(-3)*0)/1. Suppose u = -403*g + 399*g + 1788. What is the tens digit of g?
4
Let f = -144 - -144. Suppose 5*d - q - 125 - 7477 = f, -3*q = d - 1530. What is the units digit of d?
1
Suppose -41*b + 114709 - 222148 = -803414. What is the tens digit of b?
7
Suppose -2*h = -6*h + 5*w + 154, w + 80 = 2*h. Let m = h - 53. What is the units digit of -192*8/m + 0?
8
What is the units digit of 18/48 - -17*(-370)/(-80)?
9
Let g(p) = -2065 - 12*p + 13*p + 2064. Suppose 4*z = -z + 55. What is the units digit of g(z)?
0
Suppose 3*h - 5 = -2. Suppose h = -i - 1. What is the tens digit of ((-8)/(-4))/i*-15?
1
What is the tens digit of 1*((-16323)/15 + -1)*-5?
4
Suppose -4*q = 3*q. Let t(y) = y**3 + 19*y**2 - 43*y - 17. Let w be t(-21). Suppose -6*a = -w*a - x - 41, q = a + 4*x + 2. What is the tens digit of a?
1
Let x(f) = -345*f**3 + 6*f**2 + 10*f + 41. What is the tens digit of x(-4)?
7
Suppose c = 2*h + 6222, 0 = -3*c + 4*h + 2982 + 15694. What is the units digit of c?
2
Let i(o) = 7*o**2 + 8. Let g be i(5). Let d = 499 - g. Let h = d + -222. What is the units digit of h?
4
Suppose 0 = 183*x - 190*x - 9618. Let f = -763 - x. What is the hundreds digit of f?
6
What is the hundreds digit of ((-8)/(-32) - 6/(-12)) + (-544845)/(-20)?
2
Let t(v) = v + 1 - 4*v**2 - 2*v + 9 - v**3 + 7*v. Let w be t(-5). Suppose 0 = -3*r - 12, -n - w*r + 4 = 2. What is the units digit of n?
2
Let d(q) = q**3 + 2*q**2 - 5*q + 2. Let k be d(3). Suppose -7*i + 4 = -5*i. Suppose y - i*y = -5*p + k, 0 = 2*p - 4*y - 20. What is the units digit of p?
6
Let h(r) = -536*r + 82. What is the hundreds digit of h(-11)?
9
What is the units digit of 65/((-105)/(-2380)*4/6)?
0
Let t(k) be the first derivative of 58*k**3/3 - 19*k**2/2 + 22. What is the tens digit of t(-2)?
7
Suppose -12*o - 272608 = -31*o - 17780. What is the units digit of o?
2
Let b(v) = 7*v - 35. Let c = 99 + -127. Let j be (3 - (c - -5)) + 4. What is the units digit of b(j)?
5
Suppose -2*q = 7*q + 45. Let f(p) = -30*p + 17. Let b be f(q). Suppose 5*t + b = 407. What is the tens digit of t?
4
Suppose -3*f = -s + 358, 2*f = 3*s + 350 - 1459. Let m = 655 - s. Suppose 2*w - 169 = 3*j, 5*w = -4*j + 152 + m. What is the tens digit of w?
8
Let q(a) = -165*a - 233*a + 10 + 24*a - 461*a. What is the hundreds digit of q(-1)?
8
Suppose 0 = 9*r - 5*r - 8. Suppose -z + 234 = -y, 2*z - 936 = -r*z - 4*y. Suppose 5*t - 937 = 2*q, -3*t + 3*q + 321 = -z. What is the tens digit of t?
8
Let o = 23805 + 5889. What is the tens digit of o?
9
Let m be -7*(-30)/35*(-494)/3. Let x = m - -1781. What is the hundreds digit of x?
7
Suppose 0 = 4*j - 2*j + r - 16307, 2*j - 4*r - 16312 = 0. What is the thousands digit of j?
8
What is the tens digit of (-80)/(-8)*(2458/45 - 38/171)?
4
Let z(x) = 714 - 30*x - 714. Let p be z(-8). Suppose -p = -5*v - 80. What is the tens digit of v?
3
Suppose 8*n = -4*n - 12. Let p be (n - 0)/((-3)/9). Suppose -p*h = -45 - 0. What is the tens digit of h?
1
Let s = -2839 + 6782. What is the tens digit of s?
4
Let i(n) = 2*n**2 - 9*n + 13. Let b be i(2). Suppose 3*j = -s + 1660, -2*s + 5*s - b = 0. What is the hundreds digit of j?
5
Let h(u) = u**2 - 16*u - 107. Let s be h(-5). What is the hundreds digit of (-2871 + -3)*s/6?
9
Suppose 0 = 8*u - 57 + 17. Suppose -3*d = u*l, d + 2*d + 3 = -4*l. Let a(j) = j**3 + 5*j**2 - 6*j + 2. What is the units digit of a(l)?
6
Suppose -40*j + 3*l - 19159 = -41*j, 3*j - 57568 = 4*l. What is the tens digit of j?
8
What is the thousands digit of (-40504)/(-11) - 8/(-14)*(-350)/1100?
3
Let f(s) = -s**3 - 14*s**2 - 24*s + 5. Let w be f(-12). Let d be -6*w*55/(-15)*-1. Let k = 120 + d. What is the tens digit of k?
1
Suppose -5*g = 3*x + 916, 4*g - 5*g - 4*x = 173. Let z = g - -253. What is the tens digit of z?
6
Let u(b) = b**2 + 13*b - 269. Let i(o) = -3*o + 43. Let s be i(8). What is the units digit of u(s)?
9
Let m(s) = s**3 + 20*s**2 + 23*s + 59. Let w = -158 - -140. What is the units digit of m(w)?
3
Let u be (738/(-15))/(6 + (-116)/20). What is the tens digit of -16*u/6 - 5?
5
Suppose 2*o = -m + 94336, 940*o - 942*o + 377314 = 4*m. What is the tens digit of m?
2
Let n be 3*-3*2/(-6) + 36. Suppose j - n = -31. Suppose -j*v + 390 + 426 = 0. What is the hundreds digit of v?
1
Let q = -419 + 766. Let l(h) = -h**2 + 9*h + 291. Let b be l(22). Suppose b*w - 143 = q. What is the tens digit of w?
9
Let r(x) = -33*x - 4. Let v be r(4). Let s(m) = 9*m**2 + 74*m - 7. Let n be s(-7). Let t = n - v. What is the tens digit of t?
5
Suppose 3*n - 5*n - 3*o - 937 = 0, -n - 5*o - 479 = 0. Let y = n - -574. What is the hundreds digit of y?
1
Let v = -2 + 5. Suppose -3 =